{"id":259,"date":"2022-07-09T16:31:20","date_gmt":"2022-07-09T16:31:20","guid":{"rendered":"http:\/\/www.fizjoteam-kielce.pl\/?page_id=259"},"modified":"2024-08-31T20:04:14","modified_gmt":"2024-08-31T20:04:14","slug":"kontakt","status":"publish","type":"page","link":"https:\/\/www.fizjoteam.edu.pl\/index.php\/kontakt\/","title":{"rendered":"Kontakt"},"content":{"rendered":"\n    \n    <section class=\"u-clearfix u-custom-color-2 u-section-2\" id=\"sec-d0f3\">\n      <div class=\"u-clearfix u-sheet u-valign-middle-lg u-valign-middle-md u-valign-middle-sm u-valign-middle-xs u-sheet-1\">\n        <h1 class=\"u-text u-text-body-alt-color u-text-1\">Fizjoteam kielce<br>\n        <\/h1>\n      <\/div>\n    <\/section>\n    <section class=\"u-clearfix u-section-3\" id=\"sec-5483\">\n      <div class=\"u-clearfix u-sheet u-valign-middle-sm u-valign-middle-xs u-sheet-1\">\n        <div class=\"u-clearfix u-expanded-width u-gutter-0 u-layout-wrap u-layout-wrap-1\">\n          <div class=\"u-gutter-0 u-layout\">\n            <div class=\"u-layout-col\">\n              <div class=\"u-size-20\">\n                <div class=\"u-layout-row\">\n                  <div class=\"u-align-center u-container-style u-layout-cell u-size-60 u-layout-cell-1\">\n                    <div class=\"u-container-layout u-container-layout-1\">\n                      <h3 class=\"u-text u-text-1\"> &nbsp;<span class=\"u-file-icon u-icon u-icon-1\" data-href=\"https:\/\/goo.gl\/maps\/TabWe9CZzzVtTMkZ7\"><img src=\"https:\/\/www.fizjoteam.edu.pl\/wp-content\/uploads\/2022\/07\/854878-1.png\" alt=\"\"><\/span>&nbsp;<a href=\"https:\/\/www.google.com\/maps\/place\/FizjoTeam-Kielce\/@50.868797,20.5599137,12z\/data=!4m6!3m5!1s0x4718273dde24f2db:0x85cd72ab2014d458!8m2!3d50.868826!4d20.642314!16s%2Fg%2F11s1kfxfqg?entry=ttu&amp;g_ep=EgoyMDI0MDgyNi4wIKXMDSoASAFQAw%3D%3D\" class=\"u-active-none u-border-none u-btn u-button-link u-button-style u-hover-none u-none u-text-palette-1-base u-btn-1\">Kielce, \u0179r\u00f3d\u0142owa 17 A<\/a>\n                      <\/h3>\n                    <\/div>\n                  <\/div>\n                <\/div>\n              <\/div>\n              <div class=\"u-size-20\">\n                <div class=\"u-layout-row\">\n                  <div class=\"u-container-style u-layout-cell u-size-60 u-layout-cell-2\">\n                    <div class=\"u-container-layout u-valign-middle u-container-layout-2\">\n                      <a href=\"https:\/\/www.fizjoteam.edu.pl\/index.php\/fizjoteam-kielce\/#sec-453b\" class=\"u-btn u-btn-round u-button-style u-hover-palette-4-base u-palette-3-base u-radius-50 u-btn-2\"><span class=\"u-icon\"><svg class=\"u-svg-content\" viewBox=\"0 0 513.64 513.64\" x=\"0px\" y=\"0px\" style=\"width: 1em; height: 1em;\"><path d=\"M499.66,376.96l-71.68-71.68c-25.6-25.6-69.12-15.359-79.36,17.92c-7.68,23.041-33.28,35.841-56.32,30.72 c-51.2-12.8-120.32-79.36-133.12-133.12c-7.68-23.041,7.68-48.641,30.72-56.32c33.28-10.24,43.52-53.76,17.92-79.36l-71.68-71.68 c-20.48-17.92-51.2-17.92-69.12,0l-48.64,48.64c-48.64,51.2,5.12,186.88,125.44,307.2c120.32,120.32,256,176.641,307.2,125.44 l48.64-48.64C517.581,425.6,517.581,394.88,499.66,376.96z\"><\/path><\/svg><img><\/span> Kontakt telefoniczny<br>\n                      <\/a>\n                    <\/div>\n                  <\/div>\n                <\/div>\n              <\/div>\n              <div class=\"u-size-20\">\n                <div class=\"u-layout-row\">\n                  <div class=\"u-align-center u-container-style u-layout-cell u-size-60 u-layout-cell-3\">\n                    <div class=\"u-container-layout u-valign-middle u-container-layout-3\">\n                      <div class=\"u-align-center u-clearfix u-expanded-width-xs u-group-elements u-group-elements-1\">\n                        <p class=\"u-text u-text-2\">rejestracja@fizjoteam-kielce.pl <\/p><span class=\"u-align-center u-file-icon u-icon u-icon-3\" data-href=\"mailto:\u200b&nbsp;rejestracja@fizjoteam-kielce.\u200bpl\"><img src=\"https:\/\/www.fizjoteam.edu.pl\/wp-content\/uploads\/2024\/08\/9068642-2.png\" alt=\"\"><\/span>\n                      <\/div>\n                    <\/div>\n                  <\/div>\n                <\/div>\n              <\/div>\n            <\/div>\n          <\/div>\n        <\/div>\n      <\/div>\n    <\/section>\n    <section class=\"u-clearfix u-custom-color-2 u-section-4\" id=\"sec-09f4\">\n      <div class=\"u-clearfix u-sheet u-valign-middle u-sheet-1\">\n        <h1 class=\"u-text u-text-body-alt-color u-text-1\">Fizjoteam krak\u00f3w<br>\n        <\/h1>\n      <\/div>\n    <\/section>\n    <section class=\"u-clearfix u-section-5\" id=\"sec-1ac9\">\n      <div class=\"u-clearfix u-sheet u-valign-middle u-sheet-1\">\n        <div class=\"u-clearfix u-expanded-width u-layout-wrap u-layout-wrap-1\">\n          <div class=\"u-layout\">\n            <div class=\"u-layout-col\">\n              <div class=\"u-align-center u-container-style u-layout-cell u-size-20 u-layout-cell-1\">\n                <div class=\"u-container-layout u-container-layout-1\">\n                  <h3 class=\"u-text u-text-1\"> &nbsp;<span class=\"u-file-icon u-icon u-icon-1\" data-href=\"https:\/\/goo.gl\/maps\/TabWe9CZzzVtTMkZ7\"><img src=\"https:\/\/www.fizjoteam.edu.pl\/wp-content\/uploads\/2022\/07\/854878-1.png\" alt=\"\"><\/span>&nbsp; <a href=\"https:\/\/www.google.com\/maps\/place\/FizjoTeam+Gabinety+specjalistyczne\/@50.022146,20.004964,16z\/data=!4m6!3m5!1s0x4716430055b79e27:0xfc79df1fcbe4162a!8m2!3d50.0221457!4d20.0049641!16s%2Fg%2F11y5rtt3w6?hl=en-US&amp;entry=ttu&amp;g_ep=EgoyMDI0MDgyMy4wIKXMDSoASAFQAw%3D%3D\" class=\"u-active-none u-border-none u-btn u-button-link u-button-style u-hover-none u-none u-text-palette-1-base u-btn-1\">Krak\u00f3w, ul. Bie\u017canowska 116 a<\/a>\n                  <\/h3>\n                <\/div>\n              <\/div>\n              <div class=\"u-container-style u-layout-cell u-size-20 u-layout-cell-2\">\n                <div class=\"u-container-layout u-valign-bottom u-container-layout-2\">\n                  <a href=\"https:\/\/www.fizjoteam.edu.pl\/index.php\/fizjoteam-krakow\/#sec-5ccd\" class=\"u-btn u-btn-round u-button-style u-hover-palette-4-base u-palette-3-base u-radius-50 u-btn-2\"><span class=\"u-icon\"><svg class=\"u-svg-content\" viewBox=\"0 0 513.64 513.64\" x=\"0px\" y=\"0px\" style=\"width: 1em; height: 1em;\"><path d=\"M499.66,376.96l-71.68-71.68c-25.6-25.6-69.12-15.359-79.36,17.92c-7.68,23.041-33.28,35.841-56.32,30.72 c-51.2-12.8-120.32-79.36-133.12-133.12c-7.68-23.041,7.68-48.641,30.72-56.32c33.28-10.24,43.52-53.76,17.92-79.36l-71.68-71.68 c-20.48-17.92-51.2-17.92-69.12,0l-48.64,48.64c-48.64,51.2,5.12,186.88,125.44,307.2c120.32,120.32,256,176.641,307.2,125.44 l48.64-48.64C517.581,425.6,517.581,394.88,499.66,376.96z\"><\/path><\/svg><img><\/span> Kontakt telefoniczny<br>\n                  <\/a>\n                <\/div>\n              <\/div>\n              <div class=\"u-align-center u-container-style u-layout-cell u-size-20 u-layout-cell-3\">\n                <div class=\"u-container-layout u-valign-bottom-xs u-container-layout-3\">\n                  <div class=\"u-align-center u-clearfix u-group-elements u-group-elements-1\">\n                    <h3 class=\"u-align-right u-text u-text-2\">\n                      <a class=\"u-active-none u-border-none u-btn u-button-link u-button-style u-hover-none u-none u-text-body-color u-btn-3\" href=\"mailto:fizjoteam.krakow@gmail.com\"> fizjoteam.krakow@gmail.com<\/a>\n                    <\/h3><span class=\"u-file-icon u-icon u-icon-3\" data-href=\"mailto:fizjoteam.krakow@gmail.com\"><img src=\"https:\/\/www.fizjoteam.edu.pl\/wp-content\/uploads\/2024\/08\/9068642-2.png\" alt=\"\"><\/span>\n                  <\/div>\n                <\/div>\n              <\/div>\n            <\/div>\n          <\/div>\n        <\/div>\n      <\/div>\n    <\/section>\n    <section class=\"u-clearfix u-section-6\" id=\"sec-fbaa\">\n      <div class=\"u-clearfix u-sheet u-sheet-1\">\n        <div class=\"u-clearfix u-expanded-width u-layout-wrap u-layout-wrap-1\">\n          <div class=\"u-layout\">\n            <div class=\"u-layout-row\">\n              <div class=\"u-container-style u-layout-cell u-size-30 u-layout-cell-1\">\n                <div class=\"u-container-layout u-valign-middle u-container-layout-1\">\n                  <a class=\"u-active-none u-border-none u-btn u-button-link u-button-style u-hover-none u-none u-text-palette-1-base u-btn-1\" href=\"https:\/\/facebook.com\/pg\/fizjoteamkielce\/\"><span class=\"u-file-icon u-icon u-icon-1\"><img src=\"https:\/\/www.fizjoteam.edu.pl\/wp-content\/uploads\/2022\/07\/5968764-1.png\" alt=\"\"><\/span>\n                  <\/a>\n                <\/div>\n              <\/div>\n              <div class=\"u-container-style u-layout-cell u-size-30 u-layout-cell-2\">\n                <div class=\"u-container-layout u-container-layout-2\">\n                  <h3 class=\"u-text u-text-default u-text-1\"><span class=\"u-file-icon u-icon u-icon-2\" data-href=\"http:\/\/instagram.com\/fizjoteamkielce\"><img src=\"https:\/\/www.fizjoteam.edu.pl\/wp-content\/uploads\/2022\/07\/174855-1.png\" alt=\"\"><\/span>\n                  <\/h3>\n                <\/div>\n              <\/div>\n            <\/div>\n          <\/div>\n        <\/div>\n      <\/div>\n    <\/section>\n    \n    \n    \n  \n","protected":false},"excerpt":{"rendered":"<p>Fizjoteam kielce &nbsp;&nbsp;Kielce, \u0179r\u00f3d\u0142owa 17 A Kontakt telefoniczny rejestracja@fizjoteam-kielce.pl Fizjoteam krak\u00f3w &nbsp;&nbsp; Krak\u00f3w, ul. Bie\u017canowska 116 a Kontakt telefoniczny fizjoteam.krakow@gmail.com<\/p>\n","protected":false},"author":1,"featured_media":0,"parent":0,"menu_order":0,"comment_status":"closed","ping_status":"closed","template":"","meta":[],"_links":{"self":[{"href":"https:\/\/www.fizjoteam.edu.pl\/index.php\/wp-json\/wp\/v2\/pages\/259"}],"collection":[{"href":"https:\/\/www.fizjoteam.edu.pl\/index.php\/wp-json\/wp\/v2\/pages"}],"about":[{"href":"https:\/\/www.fizjoteam.edu.pl\/index.php\/wp-json\/wp\/v2\/types\/page"}],"author":[{"embeddable":true,"href":"https:\/\/www.fizjoteam.edu.pl\/index.php\/wp-json\/wp\/v2\/users\/1"}],"replies":[{"embeddable":true,"href":"https:\/\/www.fizjoteam.edu.pl\/index.php\/wp-json\/wp\/v2\/comments?post=259"}],"version-history":[{"count":16,"href":"https:\/\/www.fizjoteam.edu.pl\/index.php\/wp-json\/wp\/v2\/pages\/259\/revisions"}],"predecessor-version":[{"id":1245,"href":"https:\/\/www.fizjoteam.edu.pl\/index.php\/wp-json\/wp\/v2\/pages\/259\/revisions\/1245"}],"wp:attachment":[{"href":"https:\/\/www.fizjoteam.edu.pl\/index.php\/wp-json\/wp\/v2\/media?parent=259"}],"curies":[{"name":"wp","href":"https:\/\/api.w.org\/{rel}","templated":true}]}}